{"id":69,"date":"2016-02-09T17:21:10","date_gmt":"2016-02-09T15:21:10","guid":{"rendered":"http:\/\/www.cursuriartemartiale.ro\/?page_id=69"},"modified":"2016-02-09T17:36:38","modified_gmt":"2016-02-09T15:36:38","slug":"c-v-maestru","status":"publish","type":"page","link":"http:\/\/www.cursuriartemartiale.ro\/?page_id=69","title":{"rendered":"C.V. MAESTRU"},"content":{"rendered":"<p><span style=\"font-size: 16px; font-family: times new roman,times,serif;\"><strong>Galan D. Doru<\/strong><\/span><\/p>\n<p><span style=\"font-size: 16px; font-family: times new roman,times,serif;\">N\u0103scut \u00een anul 1987 \u00een Bucure\u0219ti, am intrat pentru prima data pe tatami la v\u00e2rsta de 5 ani \u00een cadrul clubului Shin Seishin (actual Budo seishin) sub \u00eendrumarea tat\u0103lui meu Galan Doru. Trei ani mai t\u00e2rziu ob\u021bin grada\u021bia kyu 5-centura galben\u0103 oferit\u0103 de c\u0103tre \u201esenseiul meu\u201d \u0219i shihan Alois Gurski.<\/span><\/p>\n<p><span style=\"font-size: 16px; font-family: times new roman,times,serif;\">\u00cen prezent de\u021bin grada\u021bia de 4 dan ju-jitsu ob\u021binut\u0103 \u00een anul 2014.<\/span><\/p>\n<p><span style=\"font-size: 16px; font-family: times new roman,times,serif;\">\u00cen anul 1997 ob\u021bin primele rezultate competi\u021bionale, iar \u00een perioada urm\u0103toare particip la toate edi\u021biile de campionat na\u021bional, unde de cele mai multe ori ma clasez pe pozi\u021bii frunta\u0219e.<\/span><\/p>\n<p><span style=\"font-size: 16px; font-family: times new roman,times,serif;\">\u00cen prezent sunt cadru didactic la un liceu din din Bucure\u0219ti.<\/span><\/p>\n<p><span style=\"font-size: 16px; font-family: times new roman,times,serif;\"><strong><em>Rezultate competi\u021bionale:<\/em><\/strong><\/span><\/p>\n<ul>\n<li><span style=\"font-size: 16px; font-family: times new roman,times,serif;\">Locul II \u015fi titlu de VICECAMPION EUROPEAN la a XX-a edi\u0163ie a Campionatului European de Ju-Jitsu, 29-31mai 2009 Podgorica \u2013 Muntenegru.<\/span><\/li>\n<li><span style=\"font-size: 16px; font-family: times new roman,times,serif;\">Locul III \u015fi MEDALIE DE BRONZ, la proba Duo-demonstrativ Masculin, seniori, 29-30 august, Beijing-China Sport Combat Games;<\/span><\/li>\n<li><span style=\"font-size: 16px; font-family: times new roman,times,serif;\">29 titluri de campion na\u021bional \u00een ju-jitsu<\/span><\/li>\n<li><span style=\"font-size: 16px; font-family: times new roman,times,serif;\">10 titluri de vicecampion na\u021bional \u00een ju-jitsu<\/span><\/li>\n<li><span style=\"font-size: 16px; font-family: times new roman,times,serif;\">4 titluri de campion balcanic \u00een ju-jitsu<\/span><\/li>\n<li><span style=\"font-size: 16px; font-family: times new roman,times,serif;\">2 titluri de vicecampion balcanic \u00een ju-jitsu<\/span><\/li>\n<li><span style=\"font-size: 16px; font-family: times new roman,times,serif;\">Locul III \u015fi MEDALIE DE BRONZ la Campionatul National Universitar de Judo, Sibiu la categoria \u2013 60 kg \u00een anul 2008 \u0219i -66 kg \u00een anul 2015;<\/span><\/li>\n<li><span style=\"font-size: 16px; font-family: times new roman,times,serif;\">medaliat la diverse competi\u021bii: Zilele sportive ale ora\u0219ului Sf. Gheorge, Cupa Aqvila, Cupa Corisan, Cupa Rom\u00e2niei la BJJ etc.<\/span><\/li>\n<li><span style=\"font-size: 16px; font-family: times new roman,times,serif;\">Titlul de<strong> \u201eMaestru al Sportului\u201d<\/strong>, acordat de Autoritatea Na\u0163ional\u0103 pentru Sport \u015fi Tineret, 11.11.2010.<\/span><\/li>\n<\/ul>\n<p><span style=\"font-size: 16px; font-family: times new roman,times,serif;\"><strong><em>Educa\u021bie \u0219i formare<\/em><\/strong>:<\/span><\/p>\n<ul>\n<li><span style=\"font-size: 16px; font-family: times new roman,times,serif;\">Doctorand, UNEFS, Educa\u021bie fizic\u0103 \u0219i sport, 2012-prezent<\/span><\/li>\n<li><span style=\"font-size: 16px; font-family: times new roman,times,serif;\">Definitivare \u00een \u00eenv\u0103\u0163\u0103m\u00e2nt, UNEFS, specializarea Educa\u0163ie fizic\u0103 \u015fi sport;<\/span><\/li>\n<li><span style=\"font-size: 16px; font-family: times new roman,times,serif;\">Absolvent Master Universitatea Na\u0163ional\u0103 de Educa\u0163ie Fizic\u0103 \u0219i Sport, promo\u021bia iulie 2011, programul de studii: Performan\u021b\u0103 \u00een Sport, 4 semestre;<\/span><\/li>\n<li><span style=\"font-size: 16px; font-family: times new roman,times,serif;\">Absolvent Universitatea Na\u0163ional\u0103 de Educa\u0163ie Fizic\u0103 \u0219i Sport, promo\u0163ia iulie 2011, specializarea \u201eEduca\u021bie Fizic\u0103 \u0219i Sport\u201d;<\/span><\/li>\n<li><span style=\"font-size: 16px; font-family: times new roman,times,serif;\">Absolvent Academia Na\u0163ional\u0103 de Educa\u0163ie Fizic\u0103 \u0219i Sport, promo\u0163ia iulie 2009, specializarea \u201eSport \u015fi performan\u0163\u0103 motric\u0103\u201d;<\/span><\/li>\n<li><span style=\"font-size: 16px; font-family: times new roman,times,serif;\">Absolvent al departamentului pentru pregatirea personalului didactic nivelul I \u0219i II;<\/span><\/li>\n<li><span style=\"font-size: 16px; font-family: times new roman,times,serif;\">\u015ecoala Na\u0163ional\u0103 de antrenori \u00een perioada 2006-2008, specializarea \u201eArte mar\u0163iale- Ju jitsu\u201d;<\/span><\/li>\n<li><span style=\"font-size: 16px; font-family: times new roman,times,serif;\">Liceul \u201eMircea Eliade\u201d, \u00een perioada 2002-2006, studii finalizate cu ob\u0163inerea atestatului de instructor sportiv la disciplina Judo;<\/span><\/li>\n<\/ul>\n","protected":false},"excerpt":{"rendered":"<p>Galan D. Doru N\u0103scut \u00een anul 1987 \u00een Bucure\u0219ti, am intrat pentru prima data pe tatami la v\u00e2rsta de 5 ani \u00een cadrul clubului Shin Seishin (actual Budo seishin) sub \u00eendrumarea tat\u0103lui meu Galan Doru. Trei ani mai t\u00e2rziu ob\u021bin grada\u021bia kyu 5-centura galben\u0103 oferit\u0103 de c\u0103tre \u201esenseiul meu\u201d \u0219i shihan Alois Gurski. \u00cen prezent [&hellip;]<\/p>\n","protected":false},"author":1,"featured_media":0,"parent":0,"menu_order":4,"comment_status":"closed","ping_status":"closed","template":"","meta":{"footnotes":""},"class_list":["post-69","page","type-page","status-publish","hentry"],"_links":{"self":[{"href":"http:\/\/www.cursuriartemartiale.ro\/index.php?rest_route=\/wp\/v2\/pages\/69","targetHints":{"allow":["GET"]}}],"collection":[{"href":"http:\/\/www.cursuriartemartiale.ro\/index.php?rest_route=\/wp\/v2\/pages"}],"about":[{"href":"http:\/\/www.cursuriartemartiale.ro\/index.php?rest_route=\/wp\/v2\/types\/page"}],"author":[{"embeddable":true,"href":"http:\/\/www.cursuriartemartiale.ro\/index.php?rest_route=\/wp\/v2\/users\/1"}],"replies":[{"embeddable":true,"href":"http:\/\/www.cursuriartemartiale.ro\/index.php?rest_route=%2Fwp%2Fv2%2Fcomments&post=69"}],"version-history":[{"count":1,"href":"http:\/\/www.cursuriartemartiale.ro\/index.php?rest_route=\/wp\/v2\/pages\/69\/revisions"}],"predecessor-version":[{"id":71,"href":"http:\/\/www.cursuriartemartiale.ro\/index.php?rest_route=\/wp\/v2\/pages\/69\/revisions\/71"}],"wp:attachment":[{"href":"http:\/\/www.cursuriartemartiale.ro\/index.php?rest_route=%2Fwp%2Fv2%2Fmedia&parent=69"}],"curies":[{"name":"wp","href":"https:\/\/api.w.org\/{rel}","templated":true}]}}