{"id":8,"date":"2015-10-29T23:09:55","date_gmt":"2015-10-29T21:09:55","guid":{"rendered":"http:\/\/www.cursuriartemartiale.ro\/?page_id=8"},"modified":"2016-09-19T08:08:07","modified_gmt":"2016-09-19T06:08:07","slug":"contact","status":"publish","type":"page","link":"http:\/\/www.cursuriartemartiale.ro\/?page_id=8","title":{"rendered":"Contact"},"content":{"rendered":"<h4><strong><em>Program antrenamente :<\/em><\/strong><\/h4>\n<p><span style=\"font-family: times new roman,times,serif; font-size: 14px;\">Luni 18:30-20:00 \u015fi Vineri 18:30-20:00<\/span><\/p>\n<p><span style=\"font-family: times new roman,times,serif; font-size: 14px;\">\u00censcrieri se realizeaz\u0103 pe tot parcursul anului; V\u00e2rsta minim\u0103 : 4 ani<\/span><\/p>\n<p><span style=\"font-family: times new roman,times,serif; font-size: 14px;\">Cost : 80 ron \/lun\u0103<\/span><\/p>\n","protected":false},"excerpt":{"rendered":"<p>Program antrenamente : Luni 18:30-20:00 \u015fi Vineri 18:30-20:00 \u00censcrieri se realizeaz\u0103 pe tot parcursul anului; V\u00e2rsta minim\u0103 : 4 ani Cost : 80 ron \/lun\u0103<\/p>\n","protected":false},"author":1,"featured_media":0,"parent":0,"menu_order":5,"comment_status":"closed","ping_status":"closed","template":"feedback.php","meta":{"footnotes":""},"class_list":["post-8","page","type-page","status-publish","hentry"],"_links":{"self":[{"href":"http:\/\/www.cursuriartemartiale.ro\/index.php?rest_route=\/wp\/v2\/pages\/8","targetHints":{"allow":["GET"]}}],"collection":[{"href":"http:\/\/www.cursuriartemartiale.ro\/index.php?rest_route=\/wp\/v2\/pages"}],"about":[{"href":"http:\/\/www.cursuriartemartiale.ro\/index.php?rest_route=\/wp\/v2\/types\/page"}],"author":[{"embeddable":true,"href":"http:\/\/www.cursuriartemartiale.ro\/index.php?rest_route=\/wp\/v2\/users\/1"}],"replies":[{"embeddable":true,"href":"http:\/\/www.cursuriartemartiale.ro\/index.php?rest_route=%2Fwp%2Fv2%2Fcomments&post=8"}],"version-history":[{"count":8,"href":"http:\/\/www.cursuriartemartiale.ro\/index.php?rest_route=\/wp\/v2\/pages\/8\/revisions"}],"predecessor-version":[{"id":183,"href":"http:\/\/www.cursuriartemartiale.ro\/index.php?rest_route=\/wp\/v2\/pages\/8\/revisions\/183"}],"wp:attachment":[{"href":"http:\/\/www.cursuriartemartiale.ro\/index.php?rest_route=%2Fwp%2Fv2%2Fmedia&parent=8"}],"curies":[{"name":"wp","href":"https:\/\/api.w.org\/{rel}","templated":true}]}}